 - 11) + (10 - (7 - 12))).
112
What is (7 - 0) + (0 - 52 - -21 - 20)?
-44
Evaluate -1 - -14 - 1 - (-147 + 36 - -112).
11
Calculate -18 - -17 - -2 - (-47 - -5).
43
(-46 - -63) + -18 - (-7 + -1 + (-11 - -10))
8
0 + -43 - (-61 - (29 + -56) - (-1 - 21))
-31
Calculate (2 - 17) + 32 + -12 + -4 - 15.
-14
Evaluate -88 + -141 + 232 - 92.
-89
What is the value of 573 + -560 + (83 - -8)?
104
What is the value of -2 + -37 - (2 - 10) - (-55 + 45)?
-21
What is the value of -44 + 58 + -8 - (21 - (3 + -4))?
-16
-20 - (36 + -28 - 21 - (-10 - 0))
-17
What is the value of -141 - (-25 - 124) - (3 + -6 + 0 + -36)?
47
What is 79 - -1 - (-4981 - -5072)?
-11
What is 54 - ((43 + -81 - -29) + -21)?
84
Calculate -6 + ((-15 - -8) + -1 - -14) + 14 + -13.
1
Calculate -78 + (6 - 2) + (52 - (13 - -36)) - 7.
-78
Calculate 545 + -556 - (34 + 2).
-47
Calculate -16 - (14 + (-16 - -27)).
-41
Evaluate (1 - 1 - -47) + (172363 - 172489).
-79
Evaluate 2 + (39 - (43 + -16)).
14
What is -1 + 70 + -12093 + 11916?
-108
-31 + (47 - 35) + 14
-5
Evaluate -1801 + 1887 + (-4 - -28).
110
Calculate 73 + -57 + 60 + -64.
12
What is 85 + 1 + -11 + 1202 + -1221?
56
Calculate (2 - -6) + (18 + -31 - 4) + 19.
10
What is the value of -15 - -14 - -51 - 15?
35
(2495 - 2489) + 0 + (-21 + -2 - 2)
-19
What is the value of 24 + (-36 + 17 - 4) + 21?
22
Calculate -25 + -5 + 5 + (-6 + -18 - -10).
-39
Evaluate 1 + (20 + -5 - -4).
20
What is the value of -69 + -37 + -28 + 125?
-9
What is 0 + 1 - (-8526 + 8607)?
-80
What is the value of (2 - -20) + (116 - 136) + -2 + -12?
-12
30 + 44 + 1 + (155 - 181)
49
What is the value of (-16 - (-27 - -13)) + 29 + -33 - -1?
-5
Calculate 1714 - 1694 - (-2 - (5 - 31)).
-4
What is (8 - 7) + 10 - (839 + -801)?
-27
Evaluate 12 - (93 + 1 + (235 - 254)).
-63
Evaluate 18 - 11 - (141 + -124 + -11 + 1 - 14).
14
Calculate 32 - (26 + (-25 - -12) + 3) - -31.
47
What is -28 + (-11 - ((2 - -26) + -13))?
-54
What is the value of -154 + -21 + -40 + 205?
-10
Calculate 20 + -31 + -14 - -18 - -1 - (1 - -30).
-37
-19 + 121 + -68 + 10
44
What is the value of -93 - -54 - (1 + -23 + 7)?
-24
Evaluate -49 + -2 + (235 + -222 - (1 + 1)) - -1.
-39
What is the value of (-4 + -8 + 14 - 1) + 0?
1
(-124 - (-16 + -4 - -30)) + 41
-93
What is the value of 1 + -21 + (-133 - -112)?
-41
What is the value of -11 + 55 - 29 - 71?
-56
What is -78 - (-23 + 78 + -85)?
-48
Evaluate -1 + -5 - (-198 - -188).
4
What is -10 + (-42 - -15) + 21?
-16
What is (13 - -11) + -31 + -21 - 39?
-67
What is the value of -36 - ((-29 - -2) + 16 + (2 - 3))?
-24
Evaluate -17 + -79 + -2 + (27 - 14).
-85
Evaluate 1 + -70 + -14 - -164.
81
What is -68 - ((3 - -5 - 1) + 9 + (-84 - -56))?
-56
Calculate (-15 + 11 - -22) + -19 - (61 - 2).
-60
51 - ((-9 - -1) + 6 + (5 - 3) - -5)
46
What is the value of 10 + (-10 - -7 - 9) + (13 - -44 - 15)?
40
What is the value of ((-1 - -6) + 162 + -193 - (-2 + 3)) + -7?
-34
What is the value of 66 - (-121 - -52 - -230)?
-95
What is the value of (128 - 126) + (-5 - 0 - 6)?
-9
1 + (31 - 7) + -7 + 6 + -54 + 37
7
3 + (61 - -22) + (4 - 14) + -5
71
What is (79 - 49) + -52 - (-17 - -1)?
-6
(85 + -3 - -53) + -177
-42
What is 56 + -10 - ((7 - -27) + (0 - 18))?
30
Calculate (-1 - 19) + 7 + -40 + (-76 - -46).
-83
39 + -88 + 22 + -26
-53
Calculate -136 + -1 - (324 + -110 + -226).
-125
What is 145 + -17 + (-26 - -27 - -2)?
131
What is -61 - (-6 - 0) - -7 - (61 + -48)?
-61
Calculate (43 + 333 - 441) + (-1 + 0 - 24).
-90
Evaluate -18 + 16 + -12 - -49 - 8.
27
What is the value of -20 + 60 + (-51 - 2)?
-13
Evaluate -25 - (-33 + 27) - 17 - 82.
-118
-8 - (9 + (4 - (13 - 9)) + -21) - -7
11
Calculate 14 + (-6 - 14) - 13 - 15.
-34
What is (0 - -78) + (-259 - -250) - (1 - (15 + -21))?
62
What is the value of (0 - 7) + (582 - 504) - 30?
41
-20 + (68 - 132) - -80
-4
What is the value of 0 + -37 - (1961 + -1966)?
-32
What is the value of 201 + -269 + 4 + 0 + (0 - 1 - -7)?
-58
What is the value of 11 + (-3 + 2 - -1 - (33 + 5 + -27))?
0
5 + (-3 - -45) - (18 - 33 - -3)
59
Evaluate (-4 - 13) + 5 + 48 + -3 + -25.
8
-212 - -210 - (2 + -8 - 2)
6
What is the value of 105 + (65 - 50 - 58)?
62
Evaluate -4 + 5 + -8 + 11 + 8 + 19.
31
(27 - 3) + -25 + (2 + -2 - 29) + -8
-38
-26 + 11 + 53 + -85
-47
What is 1 + 5 + -4 + 13 + 6 + 3?
24
Calculate -92 + 93 - (0 - -77) - (-2 - -3 - 2).
-75
Calculate (18 - 36) + (10 - (7 + -4)).
-11
(-115 - -83) + -2 + -54 + -17
-105
What is the value of -20 - (14 + (-43 - 8)) - -32?
49
What is the value of 25 + (-6 + 16 - 12) + -29?
-6
0 + -49 + -30 + 57
-22
-26 - (-8 + -52 + 7)
27
Calculate 118 + (-30 - 29) + 9.
68
Calculate -101 + 182 - 174 - -18.
-75
Evaluate 66 + (24 + -115 - -69).
44
What is -20 + -36 + 58 - -16?
18
Evaluate 72 + 0 + (-10 - (14 - (26 + -20 + 7))).
61
What is (-1 + 12 - (23 - -57)) + (-2 - (16 - 10))?
-77
What is (-1 - 4 - -41) + (-532 - -427)?
-69
Evaluate 1 - (-2 + -1) - (3 - 5) - (939 + -851).
-82
What is the value of 94 - (160 + -72 + 39)?
-33
What is the value of -2 + (-1 - 5) - (-4335 - -4298)?
29
80 + -158 - -64 - -77
63
What is (-22 - (-128 + -21 - -35)) + (17 - 0)?
109
What is 42 - ((2 - -15) + -6 + 1 + -3)?
33
What is (-166 - -144) + (105 - 35) + -1 + 0 + -5?
42
Evaluate 92 + -7 + -8 + 1 + 8 + 0.
86
Evaluate 5 - -1 - (-9 - -12 - (-7 + 5 - -47)).
48
What is 49 - (55 - 3) - (1 + 8)?
-12
What is the value of 18 + (1 - -6 - -26)?
51
What is the value of 20 - 28 - 4 - 31?
-43
What is the value of -34 + -3 + 3 + -32 + 68 + -24?
-22
What is 57 + 15 + -69 + -82?
-79
What is the value of (-64 - -6) + 71 + 37?
50
Evaluate 0 + 55 - (-20316 - -20233).
138
Evaluate 74 + -41 + -47 + 39.
25
(65 + -5 - (-196 - -254)) + -10 + (-2 - -1)
-9
(-12 - (16 + -51)) + 2 + -3
22
(38 - 10) + -41 + -17
-30
What is 0 + (-47 - 3) + (-53 - (-116 - -57)) + -14?
-58
Evaluate -20 + 72 + -27 + (6 - (-22 - -21)).
32
What is the value of -27 - (-124 - -116 - (-4 - (1 - -4)))?
-28
Calculate (4 - 2) + 88 - (-17 + 5 + -288 + 291).
99
What is the value of 9 + 0 + -58 + -3 + 8 + 10 + -15?
-49
Calculate (-2 - (-3 + -2)) + 61 + -40 + -8.
16
Calculate 22 - (8 - (-11 - (7 - 42))).
38
What is -6 + (-32 - -67) + -41?
-12
What is 1 - -22 - (280 - 271)?
14
What is -3159 + 3116 - (11 + 0 + -3 - (-1 - 1))?
-53
Evaluate -80 + 80 + -28 - 54.
-82
What is the value of 26 + -7 + (157 - (64 + 7))?
105
Calculate (21 - 33) + (-46 + -3 - -14 - -15).
-32
What is the value of -30 - (13 - 24) - (24 + -3)?
-40
40 + (7 - (-16 + 26)) + 21
58
Calculate 64 + 0 + 1 - (-5239 - -5257).
47
Calculate (0 + 8 - 2) + (-60 + -45 - -65).
-34
What is the value of 10 - (6 + -19 - -55 - (-1 - -13))?
-20
Calculate -671 + 722 + -2 + -1.
48
-23 - (52 - (15 + 46))
-14
What is -698 - -722 - (0 + -1 + 1)?
24
-18 + -17 + (-10 - -50) + 1 + 1 + 12
19
What is the value of -1 + (-4 - (32 + -1 + -36 + -15 + 57))?
-42
11 + -9 + 3 + (39 - -12 - 12)
44
What is the value of 19 + (-7 - 0 - (-313 + 370)) + -5?
-50
Evaluate 48 - 0 - (3 + (0 - (10 + 0)) - -8).
47
What is 35 - (-15 + 8 - -65) - -103?
80
Evaluate 20 + -15 + (63 - 22) - (1 - -2).
43
Evaluate (72 - 74) + (1 + 16 - 0).
15
What is the value of 54 + 0 + -4 + -163 + 146?
33
What is the value of -6 + -75 + -41 + 195?
73
10 + -33 + 27 + 8 + (67 + -1 - -4)
82
What is 53 + -130 + 58 + 2 + -9 + -1?
-27
Evaluate -14 - (-17 - (6 + -7 - -16)).
18
7 + 1 + (4 - -59) + -68 + -9 + -1
-7
Calculate -1533 - -1520 - (-11 + -1).
-1
3 - (10 + -9 + 13) - (32 - 43)
0
13 + -30 + -8 + -50 + 53
-22
What is the value of 364 + -319 + (-3 - 2 - (-9 + 21))?
28
Evaluate (-6 - -2) + 2634 + -2577.
53
Calculate 21 + 2 + (-47 - (33 - 125)).
68
Evaluate (7 + -4 - 11 - -4) + 12 + -19.
-11
Calculate (0 - (-4 + 8 + -4 + 106)) + (-1 - -10).
-97
Evaluate 1 + -3 - 7 - (-4 + -1 + -83 + 61).
18
What is -64 - (-20 - -5 - 5)?
-44
8 - 5 - ((-7 - (-5 - -6)) + -18 + 14)
15
(-43 - 6 - -4) + -7 + 144 + -132
-40
(-18 + 64 + 11 - (-3 - (-9 - -1))) + -4
48
Calculate (-9 - (6 - 0 - 10)) + 6 + -2 - -75.
74
-12 - (-20 + (-71 - -35) - 35)
79
Calculate -5 + 1 + (-88 + (12 - 4) - 9).
-93
Evaluate 38 - (45 - 8) - -20 - ((4 - 2) + 0).
19
-42 - (-2 + 0 - -2 - (-66 - -26 - -47))
-35
Calculate -2 + (-26 + 17 - -36) + 28.
53
What is the value of 62 + (54 + -69 - (0 - 0 - 7))?
54
Evaluate (76 + -28 - 53) + 70.
65
What is the value of -64 + 2 + 2 + -30 + 9 - -6?
-75
Evaluate -112 - -35 - (-47 - 1